- 32*m**3 + 1 + 4*m + m - o*m. Is n(-2) a composite number?
False
Let u be (-3)/(-9) + 14/3. Suppose u*c - 16 = c. Suppose -z - c*z = -155. Is z prime?
True
Let u(h) = -h + 15. Let w be u(11). Suppose -4*y + 3*p + 134 = -2*p, 0 = -w*y - p + 122. Is y a composite number?
False
Suppose 4*j - 1997 - 323 = 0. Suppose -j = -4*o + 4*z, 5*o + 0*z + 2*z = 753. Is o a prime number?
True
Let d = 266 - 160. Suppose -q = -3*q + d. Is q prime?
True
Let g = -123 - -802. Is g prime?
False
Suppose 0*z = -z - 13. Let n = z - -28. Suppose -4*l + 283 = -5*k, -n - 323 = -5*l + k. Is l a prime number?
True
Is 2*(-5)/(10/(-3)) prime?
True
Let g(k) = 2*k**2 - 12*k + 12. Is g(13) composite?
True
Let p = -5 + 9. Is (2 - 130/p)*-14 prime?
False
Let f(s) = s**2 - 7*s - 13. Let k be f(9). Let y(p) = -3*p + k + 0*p - 3. Is y(-3) composite?
False
Let f(u) = 12*u**2 + 2*u - 1. Let g be f(1). Let t = g + -9. Suppose 22 = -t*d + 170. Is d a composite number?
False
Let h = 5 - 12. Is 2/h - (-2496)/14 prime?
False
Suppose -5*k = 6 - 31, 3*k = -3*l - 81. Let j be l/(-3)*9/4. Suppose 2*a - 53 = -n, -5*a = n + j - 80. Is n a prime number?
False
Let w be (-2)/(-12) - (-143)/(-66). Is (-3 - -119)*(-1)/w a composite number?
True
Let t be (24/16)/((-1)/(-6)). Let w(l) = 3*l**2 - 10*l - 4. Is w(t) composite?
False
Let c = 458 - -189. Is c composite?
False
Suppose 7*z - 2*z + 2*d = 41, 5*d + 6 = 3*z. Suppose 0 = z*b - 2*b - 585. Let m = b + -50. Is m a prime number?
True
Suppose -6*y + 15352 = -2*y + 4*p, 15 = 3*p. Is y a composite number?
False
Is 1576 + 7 + 0 + -1 + 3 composite?
True
Let q(d) = 10*d**3. Let n be q(-2). Let v = n - -133. Is v a composite number?
False
Let h(q) = 2*q**2 + 23*q + 10. Let y be h(-15). Suppose -i + 202 = -y. Is i a composite number?
False
Let i = -103 - -198. Is i a composite number?
True
Let v be 13833/81 + (-4)/(-18). Suppose -4*n - 2*z = -214, 3*n - 2*z + 0*z = v. Is n prime?
False
Suppose 5*u = 2*z - 2513, 2*u - 5038 = -7*z + 3*z. Is z a prime number?
True
Let m(d) = d**3 + 8*d**2 - d - 6. Let l be m(-8). Suppose -u + 357 = l*u. Is u a composite number?
True
Suppose 306 = 2*q + 3*b, -4*q - b = -2*q - 314. Is q a prime number?
False
Is 1 - 1 - -2 - -905 a composite number?
False
Let f(x) = 96*x**2 - 2*x - 1. Let b be f(-1). Let i = b + -54. Is i prime?
True
Let y = 7 - 4. Suppose -y*q + 9 - 3 = 0. Suppose 15 = -q*n + 173. Is n composite?
False
Let v be 118/(-4)*-4*2. Is (v/6)/(10/15) a prime number?
True
Suppose 2*j - 74 = j - t, 2*j + 4*t = 146. Suppose x = 6*x - j. Is x prime?
False
Let l(s) = -18*s + 5. Is l(-5) a composite number?
True
Let j(s) be the third derivative of s**5/30 - 5*s**4/12 + 3*s**3/2 + s**2. Let x be j(8). Suppose 4*f - x = f. Is f prime?
True
Let t be (1 + -3)*-1 + -8. Let n be (-2)/4 + (-4)/8. Is ((-10)/t + n)*9 a prime number?
False
Let f(d) = 178*d + 17. Is f(5) a prime number?
True
Let v(b) = 3*b**2 - 4 - 2*b + 3 - b**2. Let h be v(5). Suppose -5*y + h + 1 = 5*l, -2*l - 4 = 0. Is y prime?
False
Let z(l) = l**2 - 6*l + 4. Is z(-3) a composite number?
False
Let s be (-1)/(-2)*0 - 0. Suppose s = 5*b - 4*b. Let f = 25 + b. Is f composite?
True
Let m(s) = 100*s**2 - 7*s + 11. Is m(2) composite?
False
Is 165 + -2 + (-4)/2 a prime number?
False
Suppose -v - 1 = -0. Let l = v + 0. Let o(c) = -36*c + 1. Is o(l) a prime number?
True
Suppose 3*f - 3800 - 2731 = 0. Let s = f + -1032. Is s prime?
False
Let a(t) = 85*t**2 + 2. Is a(3) composite?
True
Is (-17*109)/(-4 + 3) prime?
False
Let t be ((-4)/(-3))/((-2)/(-3)). Suppose -t = -2*r + r. Suppose -2*w + 76 = r*w. Is w composite?
False
Is -4*(-1 - 1932/16) a composite number?
False
Suppose 0 = 5*h - 9*h + 2816. Let z = h + -255. Suppose -214 = -3*w + 3*n + 47, -5*w - 2*n = -z. Is w a composite number?
False
Let m = 256 + -123. Is m a prime number?
False
Suppose -z + 4*z - 97 = 5*y, -104 = 5*y + 4*z. Is ((-93)/(-1))/((-12)/y) prime?
False
Let d(g) = 2*g + 3. Let k be d(-3). Let o = k - -2. Is 19 - (0 + o - -1) composite?
False
Let f be (0 - 2)*6/4. Let i be ((-1)/1)/(f/15). Suppose 4*t - i - 35 = 0. Is t prime?
False
Let q = 1289 + -702. Is q a composite number?
False
Suppose -s - 8 = 4*z, -2*z + 5*z + 6 = 3*s. Suppose 0 = -5*m - 3*o - s*o + 658, -651 = -5*m + 4*o. Is m a composite number?
False
Suppose -y - 31 = -248. Is y prime?
False
Let c = -28 + 151. Suppose -4*r + 3*f + 98 = 0, -c = -5*r - 0*r + 4*f. Is r a composite number?
False
Suppose -2*j - 4*q = -214, 5*j + q - 195 = 385. Suppose -j + 7 = -2*t. Is t composite?
True
Let l be 2/(-4) - 1144/(-16). Suppose 5*g + 21 = -69. Let c = l + g. Is c a composite number?
False
Suppose s = 2111 - 868. Is s prime?
False
Let d(h) = h**3 + 3*h**2 + 10*h - 19. Is d(7) prime?
True
Let k(x) = -x**3 - x**2 + 3*x - 2. Is k(-4) a prime number?
False
Let b = 64 - -45. Is b composite?
False
Suppose 4*n - 45 = 3*n. Let a(h) = h - 4. Let m be a(-4). Let f = m + n. Is f prime?
True
Let a = -7 + 7. Suppose 258 = -a*z - 3*z. Let q = z - -139. Is q a prime number?
True
Suppose 0*q + 5*q = 325. Is q a composite number?
True
Let l = -594 - -186. Let k(n) = 79*n - 7. Let u be k(8). Let y = l + u. Is y composite?
True
Let c(k) = 22*k**2 + 8*k - 8. Let h be c(-8). Is h/4*1/2 a prime number?
True
Suppose 3310 = 3*f + 91. Is f a composite number?
True
Let l = -4 + 6. Suppose 4*n - 5*z = -0*n + 24, -5*z = 3*n - 18. Is ((-134)/n)/(l/(-6)) composite?
False
Let m(n) = -2*n**3 + 36*n**2 + 12*n + 41. Is m(18) a prime number?
True
Let h be ((-3)/3 - -1)*1. Let i be (1 - (-3)/(-6))*h. Suppose -n = -i*n - 14. Is n a composite number?
True
Let f(t) = -43*t - 5. Let h be f(-5). Let i = h - -577. Is i composite?
False
Let o(i) = -2*i + 1. Let g be o(1). Let h(k) = 143*k. Let c be h(g). Is -1*(c + -3 - -1) composite?
True
Let v(q) = -2*q**2 - 2*q - 1. Let t be v(-1). Let r be (1*t)/(6/(-12)). Suppose -8 = -r*y + 254. Is y a prime number?
True
Suppose w = -800 + 102. Let a = 991 + w. Is a composite?
False
Suppose m - 5*p - 3 = 0, 0 = -3*m - 2*p - 0*p + 9. Suppose -x + 0*x + 124 = m*a, 5*a - 247 = -2*x. Is x composite?
True
Let x(l) = 1510*l**3 + 3*l**2 - 11*l + 5. Let j(o) = 1007*o**3 + 2*o**2 - 7*o + 3. Let n(c) = -8*j(c) + 5*x(c). Is n(-1) prime?
False
Is (-1 - 640/(-2)) + -2 a prime number?
True
Suppose 11*a - 8*a = 2691. Suppose 0 = -2*v - v + a. Is v a prime number?
False
Let o(n) be the second derivative of 3/2*n**2 + 1/12*n**4 + 0 + 2*n - 1/3*n**3. Is o(-6) a prime number?
False
Let t(u) = u + 23. Is t(-9) a composite number?
True
Suppose 3*n - 1857 - 2534 = -5*r, -4*n - 2623 = -3*r. Is r a composite number?
False
Let i(t) be the first derivative of -t**4/4 - 2*t**3/3 - t**2 + 4*t - 3. Is i(-3) composite?
False
Is 5*(-4)/(-20)*537 a prime number?
False
Let x(o) = 17*o - 5. Let c be x(5). Let q = c - 25. Is q a composite number?
True
Suppose 3*y - 28 + 4 = 0. Suppose 0 = 4*u - y - 32. Suppose 5 = b - u. Is b a prime number?
False
Let j(k) = -k**3 - 2*k**2 - 3*k - 2. Let i be j(-2). Let p(z) = 15*z - 9. Is p(i) a prime number?
False
Let v(f) = -f**2 + 10*f + 8. Let n(r) = -2*r**2 + 19*r + 15. Let g(j) = -6*n(j) + 11*v(j). Let w be (-40)/(-6) - (-6)/(-9). Is g(w) prime?
False
Let a(i) = 5*i**2 + 7*i - 5. Is a(10) a prime number?
False
Suppose t = 5*a - 11860, 5*a - 7123 = 2*a + 2*t. Is a a prime number?
True
Suppose -2*c + 3*y = -47, -5*c + y + 115 = -22. Let z = c - 18. Is z a composite number?
True
Let o(u) = -4*u - 6. Suppose -6*k = -k + 40. Is o(k) a composite number?
True
Let m = -30 + 217. Is m prime?
False
Let k(i) = 68*i**2 - 10*i + 25. Is k(4) a prime number?
False
Let b(j) be the first derivative of -j**4/4 + 5*j**3/3 + 7*j**2/2 + j + 2. Let d be b(6). Suppose t + 0 = d. Is t a prime number?
True
Suppose 7*y = 2*y + 10. Suppose 3*t = 0, -2*o - 2*t + 208 = 22. Suppose -z + o = y*z. Is z a composite number?
False
Suppose 5*d + 263 = 4*n, -n - 4*d + 62 = -9*d. Is n a prime number?
True
Let b be (-1)/(-4) - (-30)/8. Suppose -b*l = 5*n - 387, -2*l = n + l - 73. Is n a composite number?
False
Suppose -2*o + 747 = -5*n, 4*o - 2*n = 1289 + 213. Let w be -5*1*o/(-20). Suppose -3*j = 1 - w. Is j a prime number?
True
Let i(m) = 12*m**2 - 3*m - 4. Is i(3) a composite number?
True
Let y be (-4)/(-6) - (-131)/(-3). Let p be (6/(-5))/((-2)/(-10)). Let s = p - y. Is s prime?
Tr